8091
List the prime factors of 311843.
7, 44549
List the prime factors of 215853.
3, 11, 31, 211
What are the prime factors of 1509821?
17, 88813
What are the prime factors of 1978499?
547, 3617
List the prime factors of 259581.
3, 7, 47, 263
What are the prime factors of 1686852?
2, 3, 15619
What are the prime factors of 57104?
2, 43, 83
What are the prime factors of 434227?
67, 6481
What are the prime factors of 385674?
2, 3, 64279
List the prime factors of 91735.
5, 7, 2621
What are the prime factors of 1553107?
1553107
List the prime factors of 7920.
2, 3, 5, 11
What are the prime factors of 25546118?
2, 13, 953, 1031
What are the prime factors of 3451112?
2, 7, 61627
List the prime factors of 9465975.
3, 5, 42071
What are the prime factors of 8204146?
2, 23, 178351
What are the prime factors of 7157840?
2, 5, 131, 683
What are the prime factors of 615786?
2, 3, 29, 3539
List the prime factors of 118364.
2, 127, 233
List the prime factors of 255012.
2, 3, 79, 269
What are the prime factors of 3194866?
2, 1597433
What are the prime factors of 4929672?
2, 3, 11, 71, 263
What are the prime factors of 10604557?
1259, 8423
List the prime factors of 37176105.
3, 5, 2478407
What are the prime factors of 3368810?
2, 5, 23, 97, 151
List the prime factors of 866185.
5, 191, 907
List the prime factors of 123359.
281, 439
What are the prime factors of 16746663?
3, 181, 30841
What are the prime factors of 796837?
577, 1381
What are the prime factors of 212902?
2, 106451
What are the prime factors of 376560?
2, 3, 5, 523
What are the prime factors of 759318?
2, 3, 7, 101, 179
List the prime factors of 1221964.
2, 41, 7451
What are the prime factors of 9386447?
7, 491, 2731
What are the prime factors of 3915354?
2, 3, 652559
What are the prime factors of 17258812?
2, 4314703
What are the prime factors of 10584448?
2, 7, 11813
List the prime factors of 11563.
31, 373
List the prime factors of 404409.
3, 23, 5861
What are the prime factors of 329809?
31, 10639
List the prime factors of 25374340.
2, 5, 157, 8081
List the prime factors of 270978.
2, 3, 19, 2377
What are the prime factors of 17736832?
2, 138569
List the prime factors of 6833310.
2, 3, 5, 11, 20707
List the prime factors of 405627.
3, 135209
List the prime factors of 583403.
583403
List the prime factors of 1751908.
2, 437977
List the prime factors of 61645.
5, 12329
List the prime factors of 265775.
5, 10631
List the prime factors of 14879.
14879
What are the prime factors of 5658896?
2, 353681
List the prime factors of 784972.
2, 29, 67, 101
What are the prime factors of 1465375?
5, 19, 617
What are the prime factors of 5257926?
2, 3, 97369
List the prime factors of 18032887.
139, 129733
What are the prime factors of 651839?
651839
List the prime factors of 32531796.
2, 3, 11, 113, 727
What are the prime factors of 4868124?
2, 3, 405677
List the prime factors of 1388325.
3, 5, 107, 173
What are the prime factors of 8399687?
8399687
List the prime factors of 82217.
82217
What are the prime factors of 3559137?
3, 17, 19, 3673
What are the prime factors of 1754701?
13, 43, 73
What are the prime factors of 453534?
2, 3, 269, 281
List the prime factors of 133756.
2, 7, 17, 281
List the prime factors of 18224196.
2, 3, 131, 11593
What are the prime factors of 1363527?
3, 11, 4591
What are the prime factors of 11014640?
2, 5, 7, 13, 17, 89
List the prime factors of 1885785.
3, 5, 11, 1039
What are the prime factors of 3252980?
2, 5, 162649
What are the prime factors of 674027?
47, 14341
List the prime factors of 877711.
233, 3767
List the prime factors of 1658620.
2, 5, 127, 653
List the prime factors of 7796712.
2, 3, 7, 11, 4219
List the prime factors of 1557504.
2, 3, 13
List the prime factors of 25009583.
79, 316577
What are the prime factors of 2014484?
2, 503621
List the prime factors of 555924.
2, 3, 46327
What are the prime factors of 190207?
190207
What are the prime factors of 5047725?
3, 5, 17, 37, 107
List the prime factors of 743042.
2, 103, 3607
List the prime factors of 2846562.
2, 3, 67, 73, 97
What are the prime factors of 41335424?
2, 13, 24841
List the prime factors of 97447.
7, 13921
What are the prime factors of 4396270?
2, 5, 61, 7207
What are the prime factors of 1010051?
7, 313, 461
List the prime factors of 98790.
2, 3, 5, 37, 89
What are the prime factors of 4235804?
2, 1058951
List the prime factors of 509585.
5, 101917
What are the prime factors of 9848418?
2, 3, 1641403
List the prime factors of 5988129.
3, 7, 47, 6067
List the prime factors of 23041867.
23041867
List the prime factors of 900804.
2, 3, 271, 277
List the prime factors of 157775.
5, 6311
List the prime factors of 564077.
17, 33181
What are the prime factors of 1460890?
2, 5, 139, 1051
List the prime factors of 28839183.
3, 9613061
What are the prime factors of 28294042?
2, 7, 2021003
List the prime factors of 8370579.
3, 7, 17, 23447
List the prime factors of 14751351.
3, 103, 15913
List the prime factors of 8488809.
3, 7, 19249
List the prime factors of 7694671.
7694671
What are the prime factors of 1045970?
2, 5, 104597
What are the prime factors of 591912?
2, 3, 8221
List the prime factors of 1067661.
3, 7, 269
List the prime factors of 13337285.
5, 13, 31, 6619
List the prime factors of 2293530.
2, 3, 5, 89, 859
List the prime factors of 6250041.
3, 7, 73, 151
List the prime factors of 241412.
2, 60353
List the prime factors of 30742662.
2, 3, 5123777
What are the prime factors of 237010?
2, 5, 137, 173
List the prime factors of 2252622.
2, 3, 41, 9157
What are the prime factors of 28630?
2, 5, 7, 409
What are the prime factors of 5982488?
2, 747811
List the prime factors of 2900472.
2, 3, 17, 7109
What are the prime factors of 13031895?
3, 5, 868793
List the prime factors of 596950.
2, 5, 11939
List the prime factors of 452112.
2, 3, 9419
List the prime factors of 633623.
633623
List the prime factors of 1960321.
11, 17, 953
List the prime factors of 13896001.
7, 67, 29629
What are the prime factors of 341470?
2, 5, 34147
List the prime factors of 1302081.
3, 11, 17, 211
What are the prime factors of 14882110?
2, 5, 1488211
List the prime factors of 927631.
927631
What are the prime factors of 5983783?
13, 35407
List the prime factors of 1330352.
2, 17, 67, 73
List the prime factors of 621910.
2, 5, 62191
What are the prime factors of 222395?
5, 19, 2341
What are the prime factors of 34753689?
3, 3861521
List the prime factors of 6260633.
19, 109, 3023
What are the prime factors of 132267?
3, 44089
What are the prime factors of 2487598?
2, 109, 11411
List the prime factors of 26191796.
2, 223, 29363
List the prime factors of 16787831.
16787831
What are the prime factors of 1435913?
23, 149, 419
What are the prime factors of 4954574?
2, 337, 7351
List the prime factors of 614511.
3, 68279
List the prime factors of 463170.
2, 3, 5, 15439
List the prime factors of 69157.
11, 6287
What are the prime factors of 864368?
2, 89, 607
What are the prime factors of 380261?
7, 54323
List the prime factors of 23087219.
29, 31, 61, 421
What are the prime factors of 697268?
2, 11, 13, 23, 53
List the prime factors of 10117519.
19, 532501
What are the prime factors of 211347?
3, 23, 1021
What are the prime factors of 1501627?
17, 19, 4649
What are the prime factors of 1223747?
7, 174821
List the prime factors of 187897.
187897
What are the prime factors of 1078508?
2, 79, 3413
List the prime factors of 129097.
129097
List the prime factors of 1898659.
7, 29, 47, 199
List the prime factors of 124013.
19, 61, 107
List the prime factors of 14661905.
5, 17, 181, 953
List the prime factors of 17697359.
37, 97, 4931
List the prime factors of 478171.
478171
What are the prime factors of 137291?
7, 11, 1783
List the prime factors of 590218.
2, 43, 6863
List the prime factors of 273682.
2, 136841
What are the prime factors of 5824422?
2, 3, 323579
What are the prime factors of 4145729?
7, 47, 12601
List the prime factors of 2252632.
2, 281579
List the prime factors of 2531189.
2531189
List the prime factors of 3826279.
3826279
List the prime factors of 311426.
2, 31, 5023
List the prime factors of 7003644.
2, 3, 31, 67, 281
List the prime factors of 91559.
13, 7043
List the prime factors of 676444.
2, 169111
List the pr